{"id":489,"date":"2023-05-01T10:22:24","date_gmt":"2023-05-01T10:22:24","guid":{"rendered":"https:\/\/arcadiadancestudio.com\/?page_id=489"},"modified":"2023-10-27T09:59:52","modified_gmt":"2023-10-27T09:59:52","slug":"lestudi","status":"publish","type":"page","link":"https:\/\/arcadiadancestudio.com\/index.php\/lestudi\/","title":{"rendered":"Arcadia Dance studio"},"content":{"rendered":"\n<p>Bienvenidos a Arcadia Dance studio. <\/p>\n\n\n\n<p>En nuestras instalaciones podr\u00e1s disfrutar de los momentos que te mereces para desconectar de la rutina y poder conectar contigo, con la danza y con el grupo. Disciplinas de danza y yoga que a\u00f1adir\u00e1n felicidad en tu dia a dia y pr\u00e1cticas que llenar\u00e1n de emoci\u00f3n y de bienestar tu vida.<\/p>\n\n\n\n<p> <\/p>\n\n\n\n<figure class=\"wp-block-image size-large is-style-rounded\"><img decoding=\"async\" loading=\"lazy\" width=\"768\" height=\"1024\" src=\"https:\/\/arcadiadancestudio.com\/wp-content\/uploads\/2023\/05\/IMG_5118-1-768x1024.jpeg\" alt=\"\" class=\"wp-image-1015\" srcset=\"https:\/\/arcadiadancestudio.com\/wp-content\/uploads\/2023\/05\/IMG_5118-1-768x1024.jpeg 768w, https:\/\/arcadiadancestudio.com\/wp-content\/uploads\/2023\/05\/IMG_5118-1-225x300.jpeg 225w, https:\/\/arcadiadancestudio.com\/wp-content\/uploads\/2023\/05\/IMG_5118-1-1152x1536.jpeg 1152w, https:\/\/arcadiadancestudio.com\/wp-content\/uploads\/2023\/05\/IMG_5118-1.jpeg 1536w\" sizes=\"(max-width: 768px) 100vw, 768px\" \/><\/figure>\n\n\n\n<p><\/p>\n\n\n\n<figure class=\"wp-block-image size-large\"><img decoding=\"async\" loading=\"lazy\" width=\"683\" height=\"1024\" src=\"https:\/\/arcadiadancestudio.com\/wp-content\/uploads\/2023\/10\/IMG_3490-BIS-4-683x1024.jpg\" alt=\"\" class=\"wp-image-1328\" srcset=\"https:\/\/arcadiadancestudio.com\/wp-content\/uploads\/2023\/10\/IMG_3490-BIS-4-683x1024.jpg 683w, https:\/\/arcadiadancestudio.com\/wp-content\/uploads\/2023\/10\/IMG_3490-BIS-4-200x300.jpg 200w, https:\/\/arcadiadancestudio.com\/wp-content\/uploads\/2023\/10\/IMG_3490-BIS-4-768x1152.jpg 768w, https:\/\/arcadiadancestudio.com\/wp-content\/uploads\/2023\/10\/IMG_3490-BIS-4-1024x1536.jpg 1024w, https:\/\/arcadiadancestudio.com\/wp-content\/uploads\/2023\/10\/IMG_3490-BIS-4-1365x2048.jpg 1365w, https:\/\/arcadiadancestudio.com\/wp-content\/uploads\/2023\/10\/IMG_3490-BIS-4-scaled.jpg 1707w\" sizes=\"(max-width: 683px) 100vw, 683px\" \/><figcaption class=\"wp-element-caption\">Recepci\u00f3n<\/figcaption><\/figure>\n\n\n\n<figure class=\"wp-block-image size-large\"><img decoding=\"async\" loading=\"lazy\" width=\"1024\" height=\"683\" src=\"https:\/\/arcadiadancestudio.com\/wp-content\/uploads\/2023\/10\/IMG_3362-BIS-2-1024x683.jpg\" alt=\"\" class=\"wp-image-1364\" srcset=\"https:\/\/arcadiadancestudio.com\/wp-content\/uploads\/2023\/10\/IMG_3362-BIS-2-1024x683.jpg 1024w, https:\/\/arcadiadancestudio.com\/wp-content\/uploads\/2023\/10\/IMG_3362-BIS-2-300x200.jpg 300w, https:\/\/arcadiadancestudio.com\/wp-content\/uploads\/2023\/10\/IMG_3362-BIS-2-768x512.jpg 768w, https:\/\/arcadiadancestudio.com\/wp-content\/uploads\/2023\/10\/IMG_3362-BIS-2-1536x1024.jpg 1536w, https:\/\/arcadiadancestudio.com\/wp-content\/uploads\/2023\/10\/IMG_3362-BIS-2-2048x1365.jpg 2048w\" sizes=\"(max-width: 1024px) 100vw, 1024px\" \/><figcaption class=\"wp-element-caption\">Sala principal Arcadia, m\u00e1s de 60m2<\/figcaption><\/figure>\n\n\n\n<p><\/p>\n\n\n\n<figure class=\"wp-block-gallery has-nested-images columns-default is-cropped wp-block-gallery-1 is-layout-flex\">\n<figure class=\"wp-block-image size-large\"><img decoding=\"async\" loading=\"lazy\" width=\"683\" height=\"1024\" data-id=\"1370\"  src=\"https:\/\/arcadiadancestudio.com\/wp-content\/uploads\/2023\/10\/IMG_3394-BIS-3-683x1024.jpg\" alt=\"\" class=\"wp-image-1370\" srcset=\"https:\/\/arcadiadancestudio.com\/wp-content\/uploads\/2023\/10\/IMG_3394-BIS-3-683x1024.jpg 683w, https:\/\/arcadiadancestudio.com\/wp-content\/uploads\/2023\/10\/IMG_3394-BIS-3-200x300.jpg 200w, https:\/\/arcadiadancestudio.com\/wp-content\/uploads\/2023\/10\/IMG_3394-BIS-3-768x1152.jpg 768w, https:\/\/arcadiadancestudio.com\/wp-content\/uploads\/2023\/10\/IMG_3394-BIS-3-1024x1536.jpg 1024w, https:\/\/arcadiadancestudio.com\/wp-content\/uploads\/2023\/10\/IMG_3394-BIS-3-1366x2048.jpg 1366w, https:\/\/arcadiadancestudio.com\/wp-content\/uploads\/2023\/10\/IMG_3394-BIS-3-scaled.jpg 1707w\" sizes=\"(max-width: 683px) 100vw, 683px\" \/><\/figure>\n\n\n\n<figure class=\"wp-block-image size-large\"><img decoding=\"async\" loading=\"lazy\" width=\"683\" height=\"1024\" data-id=\"1372\"  src=\"https:\/\/arcadiadancestudio.com\/wp-content\/uploads\/2023\/10\/IMG_3332-BIS-2-683x1024.jpg\" alt=\"\" class=\"wp-image-1372\" srcset=\"https:\/\/arcadiadancestudio.com\/wp-content\/uploads\/2023\/10\/IMG_3332-BIS-2-683x1024.jpg 683w, https:\/\/arcadiadancestudio.com\/wp-content\/uploads\/2023\/10\/IMG_3332-BIS-2-200x300.jpg 200w, https:\/\/arcadiadancestudio.com\/wp-content\/uploads\/2023\/10\/IMG_3332-BIS-2-768x1152.jpg 768w, https:\/\/arcadiadancestudio.com\/wp-content\/uploads\/2023\/10\/IMG_3332-BIS-2-1024x1536.jpg 1024w, https:\/\/arcadiadancestudio.com\/wp-content\/uploads\/2023\/10\/IMG_3332-BIS-2-1365x2048.jpg 1365w, https:\/\/arcadiadancestudio.com\/wp-content\/uploads\/2023\/10\/IMG_3332-BIS-2-scaled.jpg 1707w\" sizes=\"(max-width: 683px) 100vw, 683px\" \/><\/figure>\n\n\n\n<figure class=\"wp-block-image size-large\"><img decoding=\"async\" loading=\"lazy\" width=\"1024\" height=\"683\" data-id=\"1385\"  src=\"https:\/\/arcadiadancestudio.com\/wp-content\/uploads\/2023\/10\/IMG_2535-6-1024x683.jpg\" alt=\"\" class=\"wp-image-1385\" srcset=\"https:\/\/arcadiadancestudio.com\/wp-content\/uploads\/2023\/10\/IMG_2535-6-1024x683.jpg 1024w, https:\/\/arcadiadancestudio.com\/wp-content\/uploads\/2023\/10\/IMG_2535-6-300x200.jpg 300w, https:\/\/arcadiadancestudio.com\/wp-content\/uploads\/2023\/10\/IMG_2535-6-768x512.jpg 768w, https:\/\/arcadiadancestudio.com\/wp-content\/uploads\/2023\/10\/IMG_2535-6-1536x1024.jpg 1536w, https:\/\/arcadiadancestudio.com\/wp-content\/uploads\/2023\/10\/IMG_2535-6-2048x1365.jpg 2048w\" sizes=\"(max-width: 1024px) 100vw, 1024px\" \/><\/figure>\n\n\n\n<figure class=\"wp-block-image size-large\"><img decoding=\"async\" loading=\"lazy\" width=\"1024\" height=\"681\" data-id=\"1376\"  src=\"https:\/\/arcadiadancestudio.com\/wp-content\/uploads\/2023\/10\/IMG_3337-BIS-2-1024x681.jpg\" alt=\"\" class=\"wp-image-1376\" srcset=\"https:\/\/arcadiadancestudio.com\/wp-content\/uploads\/2023\/10\/IMG_3337-BIS-2-1024x681.jpg 1024w, https:\/\/arcadiadancestudio.com\/wp-content\/uploads\/2023\/10\/IMG_3337-BIS-2-300x199.jpg 300w, https:\/\/arcadiadancestudio.com\/wp-content\/uploads\/2023\/10\/IMG_3337-BIS-2-768x511.jpg 768w, https:\/\/arcadiadancestudio.com\/wp-content\/uploads\/2023\/10\/IMG_3337-BIS-2-1536x1021.jpg 1536w, https:\/\/arcadiadancestudio.com\/wp-content\/uploads\/2023\/10\/IMG_3337-BIS-2-2048x1362.jpg 2048w\" sizes=\"(max-width: 1024px) 100vw, 1024px\" \/><figcaption class=\"wp-element-caption\">Patio privado<\/figcaption><\/figure>\n<\/figure>\n\n\n\n<figure class=\"wp-block-image size-large\"><img decoding=\"async\" loading=\"lazy\" width=\"1024\" height=\"683\" src=\"https:\/\/arcadiadancestudio.com\/wp-content\/uploads\/2023\/10\/IMG_3466-BIS-7-1024x683.jpg\" alt=\"\" class=\"wp-image-1369\" srcset=\"https:\/\/arcadiadancestudio.com\/wp-content\/uploads\/2023\/10\/IMG_3466-BIS-7-1024x683.jpg 1024w, https:\/\/arcadiadancestudio.com\/wp-content\/uploads\/2023\/10\/IMG_3466-BIS-7-300x200.jpg 300w, https:\/\/arcadiadancestudio.com\/wp-content\/uploads\/2023\/10\/IMG_3466-BIS-7-768x512.jpg 768w, https:\/\/arcadiadancestudio.com\/wp-content\/uploads\/2023\/10\/IMG_3466-BIS-7-1536x1024.jpg 1536w, https:\/\/arcadiadancestudio.com\/wp-content\/uploads\/2023\/10\/IMG_3466-BIS-7-2048x1365.jpg 2048w\" sizes=\"(max-width: 1024px) 100vw, 1024px\" \/><figcaption class=\"wp-element-caption\">Sala 25m2<\/figcaption><\/figure>\n\n\n\n<figure class=\"wp-block-gallery has-nested-images columns-default is-cropped wp-block-gallery-3 is-layout-flex\">\n<figure class=\"wp-block-image size-large\"><img decoding=\"async\" loading=\"lazy\" width=\"683\" height=\"1024\" data-id=\"1395\"  src=\"https:\/\/arcadiadancestudio.com\/wp-content\/uploads\/2023\/10\/IMG_3515-BIS-5-683x1024.jpg\" alt=\"\" class=\"wp-image-1395\" srcset=\"https:\/\/arcadiadancestudio.com\/wp-content\/uploads\/2023\/10\/IMG_3515-BIS-5-683x1024.jpg 683w, https:\/\/arcadiadancestudio.com\/wp-content\/uploads\/2023\/10\/IMG_3515-BIS-5-200x300.jpg 200w, https:\/\/arcadiadancestudio.com\/wp-content\/uploads\/2023\/10\/IMG_3515-BIS-5-768x1152.jpg 768w, https:\/\/arcadiadancestudio.com\/wp-content\/uploads\/2023\/10\/IMG_3515-BIS-5-1024x1536.jpg 1024w, https:\/\/arcadiadancestudio.com\/wp-content\/uploads\/2023\/10\/IMG_3515-BIS-5-1365x2048.jpg 1365w, https:\/\/arcadiadancestudio.com\/wp-content\/uploads\/2023\/10\/IMG_3515-BIS-5-scaled.jpg 1707w\" sizes=\"(max-width: 683px) 100vw, 683px\" \/><\/figure>\n\n\n\n<figure class=\"wp-block-image size-large\"><img decoding=\"async\" loading=\"lazy\" width=\"1024\" height=\"683\" data-id=\"1389\"  src=\"https:\/\/arcadiadancestudio.com\/wp-content\/uploads\/2023\/10\/IMG_3425-BIS-2-1024x683.jpg\" alt=\"\" class=\"wp-image-1389\" srcset=\"https:\/\/arcadiadancestudio.com\/wp-content\/uploads\/2023\/10\/IMG_3425-BIS-2-1024x683.jpg 1024w, https:\/\/arcadiadancestudio.com\/wp-content\/uploads\/2023\/10\/IMG_3425-BIS-2-300x200.jpg 300w, https:\/\/arcadiadancestudio.com\/wp-content\/uploads\/2023\/10\/IMG_3425-BIS-2-768x512.jpg 768w, https:\/\/arcadiadancestudio.com\/wp-content\/uploads\/2023\/10\/IMG_3425-BIS-2-1536x1024.jpg 1536w, https:\/\/arcadiadancestudio.com\/wp-content\/uploads\/2023\/10\/IMG_3425-BIS-2-2048x1365.jpg 2048w\" sizes=\"(max-width: 1024px) 100vw, 1024px\" \/><\/figure>\n\n\n\n<figure class=\"wp-block-image size-large\"><img decoding=\"async\" loading=\"lazy\" width=\"1024\" height=\"683\" data-id=\"1397\"  src=\"https:\/\/arcadiadancestudio.com\/wp-content\/uploads\/2023\/10\/IMG_3471-BIS-6-1024x683.jpg\" alt=\"\" class=\"wp-image-1397\" srcset=\"https:\/\/arcadiadancestudio.com\/wp-content\/uploads\/2023\/10\/IMG_3471-BIS-6-1024x683.jpg 1024w, https:\/\/arcadiadancestudio.com\/wp-content\/uploads\/2023\/10\/IMG_3471-BIS-6-300x200.jpg 300w, https:\/\/arcadiadancestudio.com\/wp-content\/uploads\/2023\/10\/IMG_3471-BIS-6-768x512.jpg 768w, https:\/\/arcadiadancestudio.com\/wp-content\/uploads\/2023\/10\/IMG_3471-BIS-6-1536x1024.jpg 1536w, https:\/\/arcadiadancestudio.com\/wp-content\/uploads\/2023\/10\/IMG_3471-BIS-6-2048x1366.jpg 2048w\" sizes=\"(max-width: 1024px) 100vw, 1024px\" \/><\/figure>\n\n\n\n<figure class=\"wp-block-image size-large\"><img decoding=\"async\" loading=\"lazy\" width=\"683\" height=\"1024\" data-id=\"1398\"  src=\"https:\/\/arcadiadancestudio.com\/wp-content\/uploads\/2023\/10\/IMG_3449-BIS-2-683x1024.jpg\" alt=\"\" class=\"wp-image-1398\" srcset=\"https:\/\/arcadiadancestudio.com\/wp-content\/uploads\/2023\/10\/IMG_3449-BIS-2-683x1024.jpg 683w, https:\/\/arcadiadancestudio.com\/wp-content\/uploads\/2023\/10\/IMG_3449-BIS-2-200x300.jpg 200w, https:\/\/arcadiadancestudio.com\/wp-content\/uploads\/2023\/10\/IMG_3449-BIS-2-768x1152.jpg 768w, https:\/\/arcadiadancestudio.com\/wp-content\/uploads\/2023\/10\/IMG_3449-BIS-2-1024x1536.jpg 1024w, https:\/\/arcadiadancestudio.com\/wp-content\/uploads\/2023\/10\/IMG_3449-BIS-2-1365x2048.jpg 1365w, https:\/\/arcadiadancestudio.com\/wp-content\/uploads\/2023\/10\/IMG_3449-BIS-2-scaled.jpg 1707w\" sizes=\"(max-width: 683px) 100vw, 683px\" \/><figcaption class=\"wp-element-caption\">Vestuario 1<\/figcaption><\/figure>\n\n\n\n<figure class=\"wp-block-image size-large\"><img decoding=\"async\" loading=\"lazy\" width=\"683\" height=\"1024\" data-id=\"1404\"  src=\"https:\/\/arcadiadancestudio.com\/wp-content\/uploads\/2023\/10\/IMG_3401-BIS-6-683x1024.jpg\" alt=\"\" class=\"wp-image-1404\" srcset=\"https:\/\/arcadiadancestudio.com\/wp-content\/uploads\/2023\/10\/IMG_3401-BIS-6-683x1024.jpg 683w, https:\/\/arcadiadancestudio.com\/wp-content\/uploads\/2023\/10\/IMG_3401-BIS-6-200x300.jpg 200w, https:\/\/arcadiadancestudio.com\/wp-content\/uploads\/2023\/10\/IMG_3401-BIS-6-768x1152.jpg 768w, https:\/\/arcadiadancestudio.com\/wp-content\/uploads\/2023\/10\/IMG_3401-BIS-6-1024x1536.jpg 1024w, https:\/\/arcadiadancestudio.com\/wp-content\/uploads\/2023\/10\/IMG_3401-BIS-6-1365x2048.jpg 1365w, https:\/\/arcadiadancestudio.com\/wp-content\/uploads\/2023\/10\/IMG_3401-BIS-6-scaled.jpg 1707w\" sizes=\"(max-width: 683px) 100vw, 683px\" \/><figcaption class=\"wp-element-caption\">Vestuario 2<\/figcaption><\/figure>\n<\/figure>\n","protected":false},"excerpt":{"rendered":"<p>Bienvenidos a Arcadia Dance studio. En nuestras instalaciones podr\u00e1s disfrutar de los momentos que te mereces para desconectar de la rutina y poder conectar contigo, con la danza y con el grupo. Disciplinas de danza y yoga que a\u00f1adir\u00e1n felicidad en tu dia a dia y pr\u00e1cticas que llenar\u00e1n de emoci\u00f3n y de bienestar tu [&hellip;]<\/p>\n","protected":false},"author":1,"featured_media":0,"parent":0,"menu_order":0,"comment_status":"closed","ping_status":"closed","template":"","meta":{"om_disable_all_campaigns":false,"_uag_custom_page_level_css":"","_monsterinsights_skip_tracking":false,"_monsterinsights_sitenote_active":false,"_monsterinsights_sitenote_note":"","_monsterinsights_sitenote_category":0,"swt_meta_header_display":false,"swt_meta_footer_display":false,"swt_meta_site_title_display":true,"swt_meta_sticky_header":false,"swt_meta_transparent_header":false},"aioseo_notices":[],"uagb_featured_image_src":{"full":false,"thumbnail":false,"medium":false,"medium_large":false,"large":false,"1536x1536":false,"2048x2048":false},"uagb_author_info":{"display_name":"arcadiadancce","author_link":"https:\/\/arcadiadancestudio.com\/index.php\/author\/arcadiadancce\/"},"uagb_comment_info":0,"uagb_excerpt":"Bienvenidos a Arcadia Dance studio. En nuestras instalaciones podr\u00e1s disfrutar de los momentos que te mereces para desconectar de la rutina y poder conectar contigo, con la danza y con el grupo. Disciplinas de danza y yoga que a\u00f1adir\u00e1n felicidad en tu dia a dia y pr\u00e1cticas que llenar\u00e1n de emoci\u00f3n y de bienestar tu&hellip;","_links":{"self":[{"href":"https:\/\/arcadiadancestudio.com\/index.php\/wp-json\/wp\/v2\/pages\/489"}],"collection":[{"href":"https:\/\/arcadiadancestudio.com\/index.php\/wp-json\/wp\/v2\/pages"}],"about":[{"href":"https:\/\/arcadiadancestudio.com\/index.php\/wp-json\/wp\/v2\/types\/page"}],"author":[{"embeddable":true,"href":"https:\/\/arcadiadancestudio.com\/index.php\/wp-json\/wp\/v2\/users\/1"}],"replies":[{"embeddable":true,"href":"https:\/\/arcadiadancestudio.com\/index.php\/wp-json\/wp\/v2\/comments?post=489"}],"version-history":[{"count":13,"href":"https:\/\/arcadiadancestudio.com\/index.php\/wp-json\/wp\/v2\/pages\/489\/revisions"}],"predecessor-version":[{"id":1408,"href":"https:\/\/arcadiadancestudio.com\/index.php\/wp-json\/wp\/v2\/pages\/489\/revisions\/1408"}],"wp:attachment":[{"href":"https:\/\/arcadiadancestudio.com\/index.php\/wp-json\/wp\/v2\/media?parent=489"}],"curies":[{"name":"wp","href":"https:\/\/api.w.org\/{rel}","templated":true}]}}